d = 2 - y. What is the greatest common factor of d and 280?
35
Let q(z) = z**3 - 121*z**2 + 126*z - 594. Let i be q(120). Calculate the highest common divisor of 9681 and i.
21
Let y = 28082 - 28061. Let m = -155 + 47. Let p = m + 192. Calculate the highest common factor of y and p.
21
Let m(k) = 57*k**3 - 6*k**2 - 4*k - 7. Let q be m(-3). Let y be q/(-18) - 68/306. What is the highest common divisor of 110 and y?
22
Let i be 6 - (-6)/(-3) - 3. Suppose -64 = -4*x + 4*w, x + i + 7 = -5*w. Suppose 3*n - 51 = 273. What is the highest common factor of n and x?
12
Let j = 167 + -160. Suppose 135 - 23 = j*a. Let b be 1/4 - 135/(-36). What is the highest common factor of b and a?
4
Suppose 3*w = -4*j + 76, 2*w = 5*j - 32 - 63. Let f(b) = b**3 - 18*b**2 - 14*b + 5. Let h be f(j). Calculate the highest common factor of 60 and h.
20
Suppose 29*n + 282 - 1152 = 0. Calculate the highest common divisor of 10110 and n.
30
Suppose 2*k + 5*m - 3543 - 987 = 0, 0 = -m - 4. Calculate the highest common divisor of 728 and k.
91
Suppose 30*t - 23*t - 28 = 0. Let u be 1 - ((-1584)/8 + t). Calculate the highest common factor of 60 and u.
15
Let j = -31268 + 31269. What is the highest common factor of 1849 and j?
1
Suppose 10998 = -47*a + 65*a. Calculate the highest common factor of a and 658.
47
Let j(h) = 5*h**2 + 19*h + 8. Let v be j(5). Let b = -210 + v. Calculate the highest common factor of b and 72.
18
Let h = -171 - -165. Let n = -1 - h. What is the greatest common divisor of 95 and n?
5
Let j be (18/12)/(0 + (-2)/(-12)). Suppose 4*c = -4*z - 16, j + 3 = -3*z - 4*c. Let a be (9 + 24)*z/(-3). What is the greatest common factor of 44 and a?
44
Let q = 79 + -77. Let r be -1 + (-3)/(2 + -1 - 2). Let h be (-1)/(8/(-20))*r. What is the highest common factor of h and q?
1
Let n = 74 + 6. Let v be 4/((-12)/(-15))*-1. Let l be ((-406)/21 - -6)*6/v. What is the highest common factor of l and n?
16
Suppose g - 2*g + 23 = 0. Suppose -g = -w - 0. Suppose -3*q + 4 + w = 0. Calculate the greatest common factor of 72 and q.
9
Let y be 33/11*30/(-18)*(-2624)/10. What is the highest common divisor of 672 and y?
32
Let j = 181 - 176. Let i be -2*72/(-16) + (j - 2). Calculate the greatest common factor of i and 108.
12
Suppose -216 = -16*z + 8*z. Let c(i) = 8*i - 11. Let r be c(z). What is the highest common factor of 5 and r?
5
Suppose -8224 - 16742 = -18*r. What is the greatest common divisor of 19 and r?
19
Let g(c) = -c**3 - 10*c**2 + 9*c - 10. Let t be g(-12). Let q = t - 90. Suppose 0 = -144*i + 149*i - 80. What is the highest common factor of q and i?
16
Suppose -4*j + 2*m = -256, 0 = 5*j + 5*m + 9 - 329. Calculate the greatest common factor of j and 608.
32
Suppose 1484 + 436 = 64*c. What is the greatest common factor of 60 and c?
30
Let d = -9634 + 11298. What is the highest common divisor of d and 78?
26
Let j(z) = -3*z**2 - 28*z + 21. Let w be 3 - (3 + 1) - 8. Let h be j(w). Calculate the greatest common factor of h and 15.
15
Let o = -14790 - -14998. What is the highest common factor of o and 377?
13
Let l(o) = -o**2 - 7*o - 6. Let x be l(-3). Let r be (100 + 8)*(x + -1). Let p = -293 + r. What is the greatest common divisor of 19 and p?
19
Let u(z) be the second derivative of z**4/4 - 7*z**3/6 - 8*z**2 + 3*z + 4. Let w be u(-4). What is the greatest common divisor of w and 80?
20
Let b be (9112/170)/(2/(-5)). Let y = 161 + b. Suppose 16 = 4*m - 0*m, -4*k + 2*m + 16 = 0. Calculate the highest common divisor of k and y.
3
Suppose 3701 = 2*x - b, 3*b + 6127 = 3*x + 586. Calculate the greatest common divisor of x and 412.
206
Suppose 3*a - 215 = 10. Suppose 76*h - 651 = a*h. Calculate the highest common divisor of 62 and h.
31
Suppose -16 = -3*l + 116. Suppose -l*q - 36 = -47*q. Let w be 9/(135/(-10))*4*-3. Calculate the greatest common divisor of q and w.
4
Let r be 5 + 0 + -1 + 13. Suppose 6*w - 422 = 4*w - 4*d, -417 = -2*w - 5*d. What is the greatest common factor of w and r?
17
Let f be (-2)/1 + (3 - -34). Let x = -127325 - -127340. Calculate the greatest common divisor of x and f.
5
Let w = 930 + -10. What is the greatest common divisor of w and 4968?
184
Suppose 21 = 16*z - 59. Suppose 4*o - 4*u - 175 = -63, z*u = 4*o - 112. Let v = 651 + -343. What is the highest common factor of v and o?
28
Suppose -4*j + 16 = -2*i, 5*j + 0*i = -3*i + 42. Let w be 1946/j - -4*(-5)/60. What is the greatest common factor of w and 36?
36
Let h be (189 + 3)*(-2)/(-6). Let d be 8/(-7)*(-91)/26. Calculate the highest common factor of d and h.
4
Let s be 1780/28 + 81/189. Suppose -9*i + 334 = -386. Calculate the highest common divisor of s and i.
16
Let z = -27756 - -50625. Calculate the greatest common divisor of z and 77.
77
Let y = 2028 - 1876. Let h be 4/10 + 11928/105. What is the greatest common factor of y and h?
38
Let w(s) = 2*s**2 + 3*s + 7. Let z be w(-6). Let a(j) = -j**3 - 655*j**2 - 3934*j + 4. Let i be a(-6). What is the highest common factor of i and z?
61
Let t(y) = -117*y**2 + 185*y + 1. Let r be t(1). What is the greatest common factor of r and 2783?
23
Let h(a) = 10*a - 42. Suppose 5*b - 63 - 212 = 0. Suppose -10 - b = -5*g. Let y be h(g). Calculate the highest common divisor of y and 8.
8
Let t be (-8)/(-3)*(-743070)/(-1240). What is the greatest common divisor of 102 and t?
34
Let q be ((-1)/2)/(-2 - (6 - (-2680)/(-336))). Calculate the greatest common factor of 84 and q.
21
Let y(m) = -2*m + 160. Let w be y(-74). What is the highest common divisor of w and 896?
28
Let g(h) = -3*h - 43. Let p be g(-19). Let v(s) = 9*s - 51. Let i be v(p). Calculate the greatest common factor of 50 and i.
25
Suppose -535 = 9*k + 437. Let d = -104 - k. Let w be -78*1*(-2)/d. What is the highest common divisor of 195 and w?
39
Let w(n) = 3*n - 1. Let g be w(1). Suppose 0 = 2*c + 6*i - 4*i - 326, 0 = 5*c + 2*i - 803. Suppose c = g*x + 39. What is the highest common factor of 24 and x?
12
Let l be (-96)/(-30) - 18/15. Suppose 37 + 3 = d. Suppose 5*a = -5*v + 25 + d, -5*a = 3*v - 71. Calculate the greatest common divisor of a and l.
2
Let x be -171*(-22 - (-225)/15). Calculate the highest common factor of 19 and x.
19
Let p(t) = t**3 - 2*t**2 + t + 15. Let r be p(5). Let q = r - 93. What is the highest common factor of 86 and q?
2
Let a = 189 + -183. Let l(x) = 12*x - 40. Let w be l(a). What is the highest common divisor of 272 and w?
16
Suppose b + 4*b - 40 = 0. Suppose 5*t + 1137 = -4*c, 2*t = 8*c - 3*c - 435. Let d be (-7230)/t - (-4)/(-30). What is the greatest common factor of d and b?
8
Let j be (-90)/21*(-966)/46. What is the greatest common divisor of j and 1206?
18
Let l(a) = 164*a**2 + 4. Let h be l(2). Suppose -8*k - 3*k + h = 0. What is the highest common factor of k and 45?
15
Suppose -61172 = -98*d + 363268 - 16760. Calculate the highest common factor of 20 and d.
20
Let n(f) = -f + 167. Suppose 1293 = 28*p + 369. Let q be n(p). What is the greatest common factor of q and 2?
2
Suppose 1038*i = 1034*i - 5*y - 23, 0 = -5*y - 35. What is the greatest common factor of i and 681?
3
Let q be -1*6/(-18)*543. Let z = q - 177. Calculate the greatest common factor of 50 and z.
2
Let s be -3*9/(108/(-32)). Let p(d) = 2*d**2 - 10*d - 13. Let c be p(s). What is the greatest common divisor of 70 and c?
35
Let p(r) = -117*r + 4820. Let q be p(-92). Calculate the highest common divisor of 32 and q.
32
Let b = 10 - -8. Suppose -24 = -4*s + 4*x, 5*s - 13*x + 15*x = 44. Let l(r) = 3*r**2 + 5*r - 88. Let q be l(s). What is the highest common factor of b and q?
18
Let k = 222 - 267. Let i be ((-35)/14)/(k/108). Suppose -g = -5*t - 6*g + 210, 2*g = 0. Calculate the highest common divisor of i and t.
6
Suppose -5*o - 512 = -13*o. Suppose -63*y + o*y - 52 = 0. Calculate the highest common divisor of y and 91.
13
Let w(o) = 10*o**2 + o - 15. Let i(q) = 29*q**2 + 2*q - 44. Let g(s) = 3*i(s) - 8*w(s). Let t be g(3). What is the highest common divisor of t and 585?
45
Let t = -329 - -470. Let i be (-5 - -13)/(394/9259). What is the highest common divisor of i and t?
47
Suppose 836 = 13*y - 2323. What is the greatest common divisor of y and 153?
9
Let y = -6439 - -6444. What is the greatest common divisor of 965 and y?
5
Let j = -8073 + 8270. What is the greatest common factor of j and 6?
1
Suppo